{"id":6,"date":"2020-06-23T17:51:09","date_gmt":"2020-06-23T17:51:09","guid":{"rendered":"https:\/\/kelmikerho.net\/omat\/?page_id=6"},"modified":"2021-12-29T21:15:39","modified_gmt":"2021-12-29T21:15:39","slug":"etusivu","status":"publish","type":"page","link":"https:\/\/kelmikerho.net\/omat\/","title":{"rendered":"Home"},"content":{"rendered":"\r\n<div id=\"section-gc4fdcd\" class=\"wp-block-gutentor-e6 section-gc4fdcd gutentor-element gutentor-element-image\">\r\n<div class=\"gutentor-element-image-box\">\r\n<div class=\"gutentor-image-thumb\"><img decoding=\"async\" class=\"normal-image\" src=\"https:\/\/kelmikerho.net\/omat\/wp-content\/uploads\/2021\/09\/a.jpg\" \/><\/div>\r\n<\/div>\r\n<\/div>\r\n\r\n\r\n\r\n<p style=\"text-align: center;\">Home of FIFe (<em>F\u00e9d\u00e9ration Internationale F\u00e9line<\/em>) pure siamese cats <br \/>&#8211; occasionally also CFA <em>(Cat Fanciers Association)<\/em> registered pure siamese litters<br \/><br \/>We are located in Southern Finland<\/p>\r\n<p style=\"text-align: center;\"><img decoding=\"async\" loading=\"lazy\" class=\"size-medium wp-image-196 aligncenter\" src=\"https:\/\/kelmikerho.net\/omat\/wp-content\/uploads\/2021\/12\/alakuva-300x177.jpg\" alt=\"\" width=\"300\" height=\"177\" srcset=\"https:\/\/kelmikerho.net\/omat\/wp-content\/uploads\/2021\/12\/alakuva-300x177.jpg 300w, https:\/\/kelmikerho.net\/omat\/wp-content\/uploads\/2021\/12\/alakuva-150x88.jpg 150w, https:\/\/kelmikerho.net\/omat\/wp-content\/uploads\/2021\/12\/alakuva.jpg 328w\" sizes=\"(max-width: 300px) 100vw, 300px\" \/><\/p>\r\n","protected":false},"excerpt":{"rendered":"<p>Home of FIFe (F\u00e9d\u00e9ration Internationale F\u00e9line) pure siamese cats &#8211; occasionally also CFA (Cat Fanciers Association) registered pure siamese litters We are located in Southern Finland<\/p>\n<p> <a class=\"continue-reading-link\" href=\"https:\/\/kelmikerho.net\/omat\/\"><span>Continue reading<\/span><i class=\"crycon-right-dir\"><\/i><\/a> <\/p>\n","protected":false},"author":1,"featured_media":163,"parent":0,"menu_order":0,"comment_status":"closed","ping_status":"closed","template":"","meta":[],"_links":{"self":[{"href":"https:\/\/kelmikerho.net\/omat\/wp-json\/wp\/v2\/pages\/6"}],"collection":[{"href":"https:\/\/kelmikerho.net\/omat\/wp-json\/wp\/v2\/pages"}],"about":[{"href":"https:\/\/kelmikerho.net\/omat\/wp-json\/wp\/v2\/types\/page"}],"author":[{"embeddable":true,"href":"https:\/\/kelmikerho.net\/omat\/wp-json\/wp\/v2\/users\/1"}],"replies":[{"embeddable":true,"href":"https:\/\/kelmikerho.net\/omat\/wp-json\/wp\/v2\/comments?post=6"}],"version-history":[{"count":7,"href":"https:\/\/kelmikerho.net\/omat\/wp-json\/wp\/v2\/pages\/6\/revisions"}],"predecessor-version":[{"id":197,"href":"https:\/\/kelmikerho.net\/omat\/wp-json\/wp\/v2\/pages\/6\/revisions\/197"}],"wp:featuredmedia":[{"embeddable":true,"href":"https:\/\/kelmikerho.net\/omat\/wp-json\/wp\/v2\/media\/163"}],"wp:attachment":[{"href":"https:\/\/kelmikerho.net\/omat\/wp-json\/wp\/v2\/media?parent=6"}],"curies":[{"name":"wp","href":"https:\/\/api.w.org\/{rel}","templated":true}]}}